{"id":15,"date":"2023-02-09T17:45:26","date_gmt":"2023-02-09T17:45:26","guid":{"rendered":"https:\/\/arielferreira.com.br\/2025\/about\/"},"modified":"2023-02-11T19:45:42","modified_gmt":"2023-02-11T19:45:42","slug":"curriculo","status":"publish","type":"page","link":"https:\/\/arielferreira.com.br\/2025\/curriculo\/","title":{"rendered":"curriculo"},"content":{"rendered":"\n\n\n<h2>cURRICULO<\/h2>\n\n\n\n\n\n\n\n\n\n<h4>Montes Claros, 1982<br><\/h4><h4>Vive e trabalha em Belo Horizonte\/MG<\/h4>\n\n\n<h2>Forma\u00e7\u00e3o<\/h2><h4>2011-2015. Doutorado em Artes. Escola de Belas Artes, UFMG.Bolsista CAPES.<\/h4><h4>2006-2009. Mestrado em Artes, EBA, UFMG.Bolsista da CAPES.<\/h4><h4>2000-2005. Bacharelado em Artes Visuais. EBA, UFMG. Habilita\u00e7\u00e3o: Gravura.<\/h4><h2><br><\/h2><h4>Mostras Individuais<\/h4><h4>2019:&nbsp; At\u00e9 Aqui. Curadoria de J\u00falio Martins. Memorial Minas Gerais Vale. Belo Horizonte\/MG.<\/h4><h4>2004:&nbsp; Se Correr, Se ficar. Galeria de Arte da Cemig, Belo Horizonte\/MG.<\/h4><h4>Mostras coletivas<\/h4><h4>2021-2022: Outras Habitalidades, (curadoria de Carlos M. Teixeira e Marconi Drummond), Museu Juscelino Kubitschek, Belo Horizonte\/MG.<\/h4><h4>2019: Anatomia Fant\u00e1stica, (curadoria de J\u00falio Martins), Orlando Lemos Galeria, Nova Lima\/MG.<\/h4><h4>Cynara e Ariel, Galeria Mama\/Cadela, Belo Horizonte\/MG.<\/h4><h4>2018: Cartografia Imagin\u00e1ria: a cidade e suas escritas, (Curadores Marconi Drummond e Maur\u00edcio Meirelles). Galeria GTO, SESC Palladium, Belo Horizonte\/MG.&nbsp;<\/h4><h4>2017:&nbsp; 60 anos, museu + resid\u00eancia, Museu de Arte da Pampulha, Belo Horizonte,\/MG.<\/h4><h4>2014:&nbsp; Semana Aberta de Processos. JA.CA Pra\u00e7a 7.Centro de Arte Contempor\u00e2nea e Fotografia. BH.<\/h4><h4>2012: T\u00e1ticas Heterog\u00eaneas\/aproxima\u00e7\u00f5es entr\u00f3picas (Grupo Estrat\u00e9gias da Arte numa Era de Cat\u00e1strofes).&nbsp;<\/h4><h4>Festival de Inverno, F\u00f3rum das Artes. Centro de Artes e Conven\u00e7\u00f5es da UFOP, Ouro Preto,MG.<\/h4><h4>2011: Sism\u00f3grafo: Mostra \u00c1udio-visual Mineira. Curadoria: Jacopo Crivelli Visconti. Pal\u00e1cio das Artes, Belo Horizonte\/MG.&nbsp;<\/h4><h4>2009: Trilhas do Desejo. Curadoria: Paulo S\u00e9rgio Duarte e outros. Rumos Ita\u00fa Cultural. Exposi\u00e7\u00f5es em v\u00e1rias capitais: S\u00e3o Paulo\/SP (Ita\u00fa Cultural); Rio Branco\/AC; Bras\u00edlia\/DF e Rio de Janeiro\/RJ (Pa\u00e7o das Artes)<\/h4><h4>BEST \u00c9 TU. Galeria de Arte Nello Nuno, FAOP. Ouro Preto. MG.&nbsp;<\/h4><h4>2008: Preparat\u00f3ria (Bolsa Pampulha): Museu de Arte da Pampulha, Belo Horizonte\/MG.<\/h4><h4>2007: Territ\u00f3rio Museu Mineiro: Reserva I; II; III; IV. (oficinas com Cinthia Marcelle e La\u00eds Myrrha). Museu Mineiro, Belo Horizonte\/MG.<\/h4><h4>\u00d4 de dentro, \u00f4 de fora, O multiparidade do Parque ao Pal\u00e1cio, Pal\u00e1cio das Artes, Belo Horizonte\/MG.<\/h4><h4>2006: Arte no \u00d4nibus. \u00d4nibus da rede municipal de Belo Horizonte, MG.&nbsp;&nbsp;<\/h4><h4>2005: F\u00f3rum de Arte das Am\u00e9ricas, (artista convidado) Biblioteca Luiz de Bessa, Pra\u00e7a da Liberdade, Belo Horizonte\/MG.<\/h4><h4>2005: Quando n\u00e3o estamos distra\u00eddos. Pal\u00e1cio das Artes. Belo Horizonte\/MG.&nbsp;<\/h4><h4>B\u00eabados e Equilibristas. Galeria da Escola de Belas Artes da UFMG. Belo Horizonte\/MG.<\/h4><h4>Litholabor. Laborat\u00f3rio de Litografia. Curadoria: Maria do Carmo Freitas. Galeria da Escola de Belas Artes da UFMG. Belo Horizonte\/MG.&nbsp;<\/h4><h4>2004: Segundas Impress\u00f5es. Galeria de Arte Sesiminas. Belo Horizonte\/MG.<\/h4><h2>Resid\u00eancias:<\/h2><h4>2014: Resid\u00eancia Internacional \u2013 JA.CA Pra\u00e7a 7. Centro de Arte Contempor\u00e2nea e Fotografia. Belo Hte.\/MG.<\/h4><h4>2008: Bolsa Pampulha, Museu de Arte da Pampulha, Belo Horizonte\/MG.<\/h4><h4>Pr\u00eamios e distin\u00e7\u00f5es:<\/h4><h4>2008: 29\u00ba Sal\u00e3o Nacional de Arte de Belo Horizonte: 2007-2008 (Bolsa Pampulha).&nbsp;<\/h4><h4>2006: Arte no \u00d4nibus, Quinto lugar (Telemig Celular), Belo Horizonte, MG.&nbsp;<\/h4><h4>2004: Men\u00e7\u00e3o Honrosa II Sal\u00e3o Nacional de Artes Pl\u00e1sticas de Curvelo\/MG.&nbsp;<\/h4><h4>2003: Pr\u00eamio Art Expression 10\u00aa edi\u00e7\u00e3o Latinoamericana. Classificado, vencedor de etapa nacional em arte anal\u00f3gica.S\u00e3o Paulo\/SP.<\/h4><h4><br><\/h4>\n\n\n\n\n\n\n\n\n","protected":false},"excerpt":{"rendered":"","protected":false},"author":1,"featured_media":0,"parent":0,"menu_order":0,"comment_status":"closed","ping_status":"closed","template":"","meta":{"footnotes":""},"class_list":["post-15","page","type-page","status-publish","hentry"],"_links":{"self":[{"href":"https:\/\/arielferreira.com.br\/2025\/wp-json\/wp\/v2\/pages\/15","targetHints":{"allow":["GET"]}}],"collection":[{"href":"https:\/\/arielferreira.com.br\/2025\/wp-json\/wp\/v2\/pages"}],"about":[{"href":"https:\/\/arielferreira.com.br\/2025\/wp-json\/wp\/v2\/types\/page"}],"author":[{"embeddable":true,"href":"https:\/\/arielferreira.com.br\/2025\/wp-json\/wp\/v2\/users\/1"}],"replies":[{"embeddable":true,"href":"https:\/\/arielferreira.com.br\/2025\/wp-json\/wp\/v2\/comments?post=15"}],"version-history":[{"count":10,"href":"https:\/\/arielferreira.com.br\/2025\/wp-json\/wp\/v2\/pages\/15\/revisions"}],"predecessor-version":[{"id":139,"href":"https:\/\/arielferreira.com.br\/2025\/wp-json\/wp\/v2\/pages\/15\/revisions\/139"}],"wp:attachment":[{"href":"https:\/\/arielferreira.com.br\/2025\/wp-json\/wp\/v2\/media?parent=15"}],"curies":[{"name":"wp","href":"https:\/\/api.w.org\/{rel}","templated":true}]}}

<h2>cURRICULO</h2>









<h4>Montes Claros, 1982<br></h4><h4>Vive e trabalha em Belo Horizonte/MG</h4>


<h2>Formação</h2><h4>2011-2015. Doutorado em Artes. Escola de Belas Artes, UFMG.Bolsista CAPES.</h4><h4>2006-2009. Mestrado em Artes, EBA, UFMG.Bolsista da CAPES.</h4><h4>2000-2005. Bacharelado em Artes Visuais. EBA, UFMG. Habilitação: Gravura.</h4><h2><br></h2><h4>Mostras Individuais</h4><h4>2019:&nbsp; Até Aqui. Curadoria de Júlio Martins. Memorial Minas Gerais Vale. Belo Horizonte/MG.</h4><h4>2004:&nbsp; Se Correr, Se ficar. Galeria de Arte da Cemig, Belo Horizonte/MG.</h4><h4>Mostras coletivas</h4><h4>2021-2022: Outras Habitalidades, (curadoria de Carlos M. Teixeira e Marconi Drummond), Museu Juscelino Kubitschek, Belo Horizonte/MG.</h4><h4>2019: Anatomia Fantástica, (curadoria de Júlio Martins), Orlando Lemos Galeria, Nova Lima/MG.</h4><h4>Cynara e Ariel, Galeria Mama/Cadela, Belo Horizonte/MG.</h4><h4>2018: Cartografia Imaginária: a cidade e suas escritas, (Curadores Marconi Drummond e Maurício Meirelles). Galeria GTO, SESC Palladium, Belo Horizonte/MG.&nbsp;</h4><h4>2017:&nbsp; 60 anos, museu + residência, Museu de Arte da Pampulha, Belo Horizonte,/MG.</h4><h4>2014:&nbsp; Semana Aberta de Processos. JA.CA Praça 7.Centro de Arte Contemporânea e Fotografia. BH.</h4><h4>2012: Táticas Heterogêneas/aproximações entrópicas (Grupo Estratégias da Arte numa Era de Catástrofes).&nbsp;</h4><h4>Festival de Inverno, Fórum das Artes. Centro de Artes e Convenções da UFOP, Ouro Preto,MG.</h4><h4>2011: Sismógrafo: Mostra Áudio-visual Mineira. Curadoria: Jacopo Crivelli Visconti. Palácio das Artes, Belo Horizonte/MG.&nbsp;</h4><h4>2009: Trilhas do Desejo. Curadoria: Paulo Sérgio Duarte e outros. Rumos Itaú Cultural. Exposições em várias capitais: São Paulo/SP (Itaú Cultural); Rio Branco/AC; Brasília/DF e Rio de Janeiro/RJ (Paço das Artes)</h4><h4>BEST É TU. Galeria de Arte Nello Nuno, FAOP. Ouro Preto. MG.&nbsp;</h4><h4>2008: Preparatória (Bolsa Pampulha): Museu de Arte da Pampulha, Belo Horizonte/MG.</h4><h4>2007: Território Museu Mineiro: Reserva I; II; III; IV. (oficinas com Cinthia Marcelle e Laís Myrrha). Museu Mineiro, Belo Horizonte/MG.</h4><h4>Ô de dentro, ô de fora, O multiparidade do Parque ao Palácio, Palácio das Artes, Belo Horizonte/MG.</h4><h4>2006: Arte no Ônibus. Ônibus da rede municipal de Belo Horizonte, MG.&nbsp;&nbsp;</h4><h4>2005: Fórum de Arte das Américas, (artista convidado) Biblioteca Luiz de Bessa, Praça da Liberdade, Belo Horizonte/MG.</h4><h4>2005: Quando não estamos distraídos. Palácio das Artes. Belo Horizonte/MG.&nbsp;</h4><h4>Bêbados e Equilibristas. Galeria da Escola de Belas Artes da UFMG. Belo Horizonte/MG.</h4><h4>Litholabor. Laboratório de Litografia. Curadoria: Maria do Carmo Freitas. Galeria da Escola de Belas Artes da UFMG. Belo Horizonte/MG.&nbsp;</h4><h4>2004: Segundas Impressões. Galeria de Arte Sesiminas. Belo Horizonte/MG.</h4><h2>Residências:</h2><h4>2014: Residência Internacional – JA.CA Praça 7. Centro de Arte Contemporânea e Fotografia. Belo Hte./MG.</h4><h4>2008: Bolsa Pampulha, Museu de Arte da Pampulha, Belo Horizonte/MG.</h4><h4>Prêmios e distinções:</h4><h4>2008: 29º Salão Nacional de Arte de Belo Horizonte: 2007-2008 (Bolsa Pampulha).&nbsp;</h4><h4>2006: Arte no Ônibus, Quinto lugar (Telemig Celular), Belo Horizonte, MG.&nbsp;</h4><h4>2004: Menção Honrosa II Salão Nacional de Artes Plásticas de Curvelo/MG.&nbsp;</h4><h4>2003: Prêmio Art Expression 10ª edição Latinoamericana. Classificado, vencedor de etapa nacional em arte analógica.São Paulo/SP.</h4><h4><br></h4>
